{"id":3619,"date":"2024-08-23T15:07:19","date_gmt":"2024-08-23T15:07:19","guid":{"rendered":"https:\/\/gris.pt\/?page_id=3619"},"modified":"2024-08-23T15:14:24","modified_gmt":"2024-08-23T15:14:24","slug":"termos-e-condicoes","status":"publish","type":"page","link":"https:\/\/gris.pt\/index.php\/termos-e-condicoes\/","title":{"rendered":"Termos e Condi\u00e7\u00f5es"},"content":{"rendered":"\t\t<div data-elementor-type=\"wp-page\" data-elementor-id=\"3619\" class=\"elementor elementor-3619\">\n\t\t\t\t<div class=\"elementor-element elementor-element-62ab5fb e-flex e-con-boxed e-con e-parent\" data-id=\"62ab5fb\" data-element_type=\"container\">\n\t\t\t\t\t<div class=\"e-con-inner\">\n\t\t\t\t<div class=\"elementor-element elementor-element-57c5e5c elementor-widget elementor-widget-text-editor\" data-id=\"57c5e5c\" data-element_type=\"widget\" data-widget_type=\"text-editor.default\">\n\t\t\t\t<div class=\"elementor-widget-container\">\n\t\t\t<style>\/*! elementor - v3.23.0 - 05-08-2024 *\/\n.elementor-widget-text-editor.elementor-drop-cap-view-stacked .elementor-drop-cap{background-color:#69727d;color:#fff}.elementor-widget-text-editor.elementor-drop-cap-view-framed .elementor-drop-cap{color:#69727d;border:3px solid;background-color:transparent}.elementor-widget-text-editor:not(.elementor-drop-cap-view-default) .elementor-drop-cap{margin-top:8px}.elementor-widget-text-editor:not(.elementor-drop-cap-view-default) .elementor-drop-cap-letter{width:1em;height:1em}.elementor-widget-text-editor .elementor-drop-cap{float:left;text-align:center;line-height:1;font-size:50px}.elementor-widget-text-editor .elementor-drop-cap-letter{display:inline-block}<\/style>\t\t\t\t<p><!-- wp:heading --><\/p>\n<h5 class=\"MsoNormal\"><b>Aceita\u00e7\u00e3o dos Termos de Utiliza\u00e7\u00e3o<\/b><\/h5>\n<p class=\"MsoNormal\">O utilizador do <i>Site<\/i>&nbsp;(\u201cUtilizador\u201d)&nbsp;reconhece que ao usar este&nbsp;<i>Site<\/i>&nbsp;est\u00e1 a aceitar estes Termos de&nbsp;Utiliza\u00e7\u00e3o.<\/p>\n<h5 class=\"MsoNormal\"><b>Altera\u00e7\u00e3o dos Termos de Utiliza\u00e7\u00e3o<\/b><\/h5>\n<p class=\"MsoNormal\">A Gris reserva-se o direito de, a qualquer momento, sem necessidade de aviso pr\u00e9vio e com efeitos imediatos, alterar, adicionar,&nbsp;atualizar ou eliminar, parcial ou totalmente, os presentes Termos de&nbsp;Utiliza\u00e7\u00e3o.<\/p>\n<p class=\"MsoNormal\">O Utilizador deve consultar periodicamente a p\u00e1gina destes&nbsp;Termos de Utiliza\u00e7\u00e3o para confirmar se foram efetuadas quaisquer atualiza\u00e7\u00f5es&nbsp;ou altera\u00e7\u00f5es. Caso n\u00e3o concorde com alguma das regras de utiliza\u00e7\u00e3o, n\u00e3o deve utilizar o&nbsp;<i>Site<\/i>.<\/p>\n<h5 class=\"MsoNormal\"><b>Acesso ao&nbsp;<i>Site<\/i><\/b><\/h5>\n<p class=\"MsoNormal\">O acesso ao&nbsp;<i>Site<\/i>&nbsp;n\u00e3o est\u00e1 sujeito a&nbsp;registo. A Gris tem o direito exclusivo de, a todo o tempo, suspender, parcial&nbsp;ou totalmente, o acesso ao&nbsp;<i>Site<\/i>, em especial nas opera\u00e7\u00f5es de&nbsp;gest\u00e3o, manuten\u00e7\u00e3o, repara\u00e7\u00e3o, altera\u00e7\u00e3o ou moderniza\u00e7\u00e3o e encerrar, definitiva&nbsp;ou temporariamente, parcial ou totalmente, a qualquer momento, de acordo com a&nbsp;sua vontade, o&nbsp;<i>Site<\/i>&nbsp;ou qualquer um dos servi\u00e7os, sem aviso&nbsp;pr\u00e9vio.<\/p>\n<h5 class=\"MsoNormal\"><b>Utiliza\u00e7\u00e3o do&nbsp;<i>Site<\/i><\/b><\/h5>\n<p class=\"MsoNormal\">A utiliza\u00e7\u00e3o do&nbsp;<i>Site<\/i>&nbsp;est\u00e1 sujeita ao&nbsp;cumprimento das seguintes regras:<\/p>\n<ul style=\"margin-top: 0cm;\" type=\"disc\">\n<li class=\"MsoNormal\">N\u00e3o&nbsp;utilize o&nbsp;<i>Site<\/i>&nbsp;para enviar ou disponibilizar qualquer&nbsp;conte\u00fado ilegal, falso, enganoso, amea\u00e7ador, maldoso, abusivo,&nbsp;difamat\u00f3rio, injurioso, invasivo da privacidade, racial, \u00e9tica ou&nbsp;moralmente conden\u00e1vel, prejudicial ou atentat\u00f3rio da dignidade das pessoas&nbsp;ou prejudicial para menores, ou ainda que possa afetar negativamente a&nbsp;imagem da Gris;<\/li>\n<li class=\"MsoNormal\">N\u00e3o utilize o&nbsp;<i>Site<\/i>&nbsp;para enviar ou disponibilizar informa\u00e7\u00e3o&nbsp;ou conte\u00fados que pertencem a terceiros e que n\u00e3o tem o direito de&nbsp;utilizar, como, por exemplo, conte\u00fados protegidos por direito de autor de&nbsp;terceiros ou conte\u00fados que contenham dados pessoais de terceiros;<\/li>\n<li class=\"MsoNormal\">N\u00e3o&nbsp;utilize o&nbsp;<i>Site<\/i>&nbsp;para disponibilizar ou transmitir qualquer&nbsp;tipo de material que contenha ou possa conter v\u00edrus,&nbsp;<i>worms<\/i>,&nbsp;defeitos, cavalos de Troia ou outro item ou c\u00f3digos inform\u00e1ticos,&nbsp;ficheiros ou programas que sejam suscet\u00edveis de interromper, destruir ou&nbsp;limitar a funcionalidade de qualquer equipamento ou sistema inform\u00e1tico (<i>hardware<\/i>&nbsp;ou&nbsp;<i>software<\/i>)&nbsp;ou equipamento de comunica\u00e7\u00f5es;<\/li>\n<li class=\"MsoNormal\">N\u00e3o&nbsp;utilize nem explore, para fins comerciais ou que sejam por qualquer forma&nbsp;pagos, o&nbsp;<i>Site<\/i>, incluindo os seus conte\u00fados, materiais,&nbsp;funcionalidades ou recursos. N\u00e3o pode designadamente promover ou divulgar&nbsp;no&nbsp;<i>Site<\/i>&nbsp;qualquer marca, produto ou servi\u00e7o, como seja&nbsp;mediante ofertas de venda, pedidos de patroc\u00ednios e promo\u00e7\u00e3o de concursos.&nbsp;<\/li>\n<li class=\"MsoNormal\">N\u00e3o&nbsp;remova qualquer aviso de direitos de autor, marca comercial ou avisos de&nbsp;direitos de propriedade;<\/li>\n<li class=\"MsoNormal\">N\u00e3o&nbsp;personifique algu\u00e9m ou alguma entidade, incluindo, mas n\u00e3o limitado a um&nbsp;respons\u00e1vel da Gris, n\u00e3o guie nem receba algu\u00e9m como se tratasse de um<br>anfitri\u00e3o, nem testemunhe falsamente parentescos ou liga\u00e7\u00f5es com algu\u00e9m;<\/li>\n<li class=\"MsoNormal\">N\u00e3o disponibilize ou transmita qualquer conte\u00fado n\u00e3o solicitado ou n\u00e3o autorizado como SPAM.<\/li>\n<li class=\"MsoNormal\">N\u00e3o&nbsp;recolha, armazene, disponibilize, transmita, explore ou reproduza&nbsp;informa\u00e7\u00f5es sobre outros utilizadores (incluindo nomes de utilizadores&nbsp;e\/ou endere\u00e7os de e-mail) para fins n\u00e3o autorizados.<\/li>\n<\/ul>\n<p class=\"MsoNormal\">Em geral, o Utilizador deve utilizar o&nbsp;<i>Site<\/i>&nbsp;de&nbsp;forma respons\u00e1vel, prudente e cuidadosa, n\u00e3o devendo perturbar ou degradar a&nbsp;continuidade, integridade e qualidade dos recursos e funcionalidades do mesmo. O Utilizador reconhece que a utiliza\u00e7\u00e3o que fa\u00e7a do&nbsp;<i>Site<\/i>&nbsp;\u00e9 por&nbsp;sua conta e risco, sendo o \u00fanico respons\u00e1vel por qualquer dano causado ao seu&nbsp;sistema e\/ou equipamento inform\u00e1tico ou por outros danos ou preju\u00edzos,&nbsp; incluindo perda ou danifica\u00e7\u00e3o de dados, que resultem da utiliza\u00e7\u00e3o dos materiais, conte\u00fados ou informa\u00e7\u00f5es obtidas, por qualquer forma, atrav\u00e9s do&nbsp;<i>Site<\/i>.<\/p>\n<h5 class=\"MsoNormal\"><b>Direitos de Propriedade Intelectual<\/b><\/h5>\n<p class=\"MsoNormal\">O Utilizador reconhece que o&nbsp;<i>Site<\/i>, a sua&nbsp;estrutura e disposi\u00e7\u00e3o, a sele\u00e7\u00e3o, organiza\u00e7\u00e3o e apresenta\u00e7\u00e3o do seu conte\u00fado,&nbsp;incluindo as suas funcionalidades e o&nbsp;<i>software<\/i>&nbsp;utilizado no&nbsp;mesmo, bem como as marcas, log\u00f3tipos e s\u00edmbolos apresentados no&nbsp;<i>Site<\/i>,&nbsp;s\u00e3o da titularidade da Gris ou foram devidamente licenciados a favor da Gris.<\/p>\n<p class=\"MsoNormal\">O Utilizador mais reconhece que os conte\u00fados deste&nbsp;<i>Site<\/i>&nbsp;(textos,&nbsp;imagens, gr\u00e1ficos, som e anima\u00e7\u00e3o e todas as outras informa\u00e7\u00f5es&nbsp;disponibilizadas) est\u00e3o protegidos por direitos de propriedade intelectual e&nbsp;obriga-se a respeitar tais direitos.<\/p>\n<p class=\"MsoNormal\">Cabe \u00e0 Gris gerir o&nbsp;<i>design<\/i>,&nbsp;<i>layout<\/i>&nbsp;e&nbsp;disposi\u00e7\u00e3o de toda a informa\u00e7\u00e3o, conte\u00fados e materiais no&nbsp;<i>Site<\/i>,&nbsp;pelo que a Gris pode, a qualquer altura, atualizar, modificar ou eliminar&nbsp;quaisquer conte\u00fados, servi\u00e7os, op\u00e7\u00f5es ou funcionalidades, bem como modificar a&nbsp;sua apresenta\u00e7\u00e3o e configura\u00e7\u00e3o e alterar os respetivos URLs.<\/p>\n<p class=\"MsoNormal\">O Utilizador n\u00e3o est\u00e1 autorizado a transmitir, comunicar ao p\u00fablico, publicar, colocar \u00e0 disposi\u00e7\u00e3o do p\u00fablico, modificar, transformar,&nbsp;copiar, vender, utilizar ou distribuir, por qualquer forma, os textos, imagens&nbsp;ou outras informa\u00e7\u00f5es contidas neste&nbsp;<i>Site<\/i>&nbsp;ou parte do&nbsp;<i>Site<\/i>&nbsp;sem&nbsp;autoriza\u00e7\u00e3o pr\u00e9via, por escrito, da Gris. A utiliza\u00e7\u00e3o de marcas e log\u00f3tipos&nbsp;neste&nbsp;<i>Site<\/i>, assim como a disponibiliza\u00e7\u00e3o dos materiais e produtos&nbsp;existentes no&nbsp;<i>Site<\/i>, n\u00e3o concedem, nem podem ser interpretados como<br>concedendo, permiss\u00e3o aos Utilizadores para utilizar, direta ou indiretamente, tais marcas, log\u00f3tipos ou materiais.<\/p>\n<h5 class=\"MsoNormal\"><b>Dados Pessoais<\/b><\/h5>\n<p class=\"MsoNormal\">A utiliza\u00e7\u00e3o deste&nbsp;<i>Site<\/i>&nbsp;n\u00e3o implica&nbsp;necessariamente o fornecimento de dados pessoais. No entanto, caso pretenda&nbsp;solicitar pedidos de contacto e esclarecimento, apresentar uma reclama\u00e7\u00e3o,&nbsp;coment\u00e1rios ou sugest\u00f5es, dever\u00e1 indicar-nos alguns dados, incluindo o seu nome&nbsp;e email, sendo os mesmos tratados nos termos definidos na Pol\u00edtica de&nbsp;Privacidade.<\/p>\n<h5 class=\"MsoNormal\"><b>Informa\u00e7\u00f5es<\/b><\/h5>\n<p class=\"MsoNormal\">A informa\u00e7\u00e3o disponibilizada no&nbsp;<i>Site<\/i>&nbsp;da Gris&nbsp;visa essencialmente esclarecer e informar os Utilizadores sobre aspetos&nbsp;relativos \u00e0 atividade e aos servi\u00e7os prestados pela Gris, bem como aos produtos&nbsp;por si promovidos e\/ou comercializados.<\/p>\n<h5 class=\"MsoNormal\"><b>Responsabilidade e garantias<\/b><\/h5>\n<p class=\"MsoNormal\">O&nbsp;<i>Site<\/i>&nbsp;foi desenvolvido a pensar nos&nbsp;interesses dos nossos Utilizadores. No entanto, n\u00e3o podemos garantir que o&nbsp;<i>Site<\/i>&nbsp;ou&nbsp;qualquer funcionalidade dispon\u00edvel no mesmo v\u00e1 de encontro a quaisquer&nbsp;necessidades e expectativas que tenha ou que sirva os seus fins espec\u00edficos.<\/p>\n<p class=\"MsoNormal\">A Gris tamb\u00e9m n\u00e3o garante que:<\/p>\n<ul style=\"margin-top: 0cm;\" type=\"disc\">\n<li class=\"MsoNormal\">Os&nbsp;resultados obtidos atrav\u00e9s da utiliza\u00e7\u00e3o do&nbsp;<i>Site<\/i>&nbsp;sejam&nbsp;corretos, verdadeiros, pr\u00f3prios ou confi\u00e1veis;<\/li>\n<li class=\"MsoNormal\">Qualquer conselho, recomenda\u00e7\u00e3o ou informa\u00e7\u00e3o, de qualquer tipo, da&nbsp;responsabilidade da Gris, apresentados ou disponibilizados no&nbsp;<i>Site<\/i>,<br>ou obtidos atrav\u00e9s da sua utiliza\u00e7\u00e3o, sejam atuais, rigorosos, completos&nbsp;ou estejam isentos de erros \u2013 a Gris informa que n\u00e3o assume qualquer dever<br>jur\u00eddico nesta mat\u00e9ria;<\/li>\n<li class=\"MsoNormal\">Qualquer&nbsp;material ou outro tipo de conte\u00fado disponibilizado por terceiros atrav\u00e9s&nbsp;do&nbsp;<i>Site<\/i>&nbsp;seja seguro, legal ou adequado;<\/li>\n<li class=\"MsoNormal\">As&nbsp;qualidades, funcionalidades ou caracter\u00edsticas dos produtos, servi\u00e7os,&nbsp;informa\u00e7\u00f5es ou outros materiais ou conte\u00fados divulgados no&nbsp;<i>Site<\/i>&nbsp;preencham<br>qualquer expectativa dos utilizadores.<\/li>\n<\/ul>\n<p class=\"MsoNormal\">A Gris n\u00e3o ser\u00e1 respons\u00e1vel por erros que possam ocorrer&nbsp;devido a irregularidades do sistema, falha (tempor\u00e1ria ou permanente) do&nbsp;<i>Site<\/i>,&nbsp;das aplica\u00e7\u00f5es ou de outras ferramentas. A Gris n\u00e3o se responsabilizar\u00e1 por&nbsp;quaisquer danos resultantes da utiliza\u00e7\u00e3o indevida ou da impossibilidade de&nbsp;utiliza\u00e7\u00e3o do&nbsp;<i>Site<\/i>.<\/p>\n<h5 class=\"MsoNormal\"><b><i>Links<\/i><\/b>&nbsp;<b>para&nbsp;<i>sites<\/i>&nbsp;de<br>terceiros<\/b><\/h5>\n<p class=\"MsoNormal\">A Gris poder\u00e1 disponibilizar&nbsp;<i>links<\/i>&nbsp;para&nbsp;p\u00e1ginas de outras entidades. Estes&nbsp;<i>Sites<\/i>&nbsp;n\u00e3o pertencem nem s\u00e3o&nbsp;operados ou controlados pela Gris, pelo que a Gris n\u00e3o se responsabiliza,&nbsp;aprova ou por qualquer forma apoia ou subscreve o conte\u00fado desses&nbsp;<i>Sites<\/i>,&nbsp;nem dos&nbsp;<i>Sites<\/i>&nbsp;com ele ligados ou neles referidos. O<br>estabelecimento de&nbsp;<i>links<\/i>&nbsp;n\u00e3o implica, em caso algum, a&nbsp;exist\u00eancia de rela\u00e7\u00f5es entre a Gris e o propriet\u00e1rio ou gestor da p\u00e1gina web&nbsp;para a qual o&nbsp;<i>link<\/i>&nbsp;remeta.<\/p>\n<p class=\"MsoNormal\">Pelo exposto, a Gris n\u00e3o se responsabiliza pela legalidade, fidedignidade ou qualidade de qualquer conte\u00fado a\u00ed disponibilizado, nem pelo&nbsp;cumprimento das regras legais aplic\u00e1veis em rela\u00e7\u00e3o aos conte\u00fados ali&nbsp;dispon\u00edveis, sendo a utiliza\u00e7\u00e3o destes&nbsp;<i>links<\/i>&nbsp;da inteira&nbsp;responsabilidade dos Utilizadores.<\/p>\n<h5 class=\"MsoNormal\"><b>Seguran\u00e7a<\/b><\/h5>\n<p class=\"MsoNormal\">A Gris n\u00e3o garante que o&nbsp;<i>Site<\/i>&nbsp;funcione de&nbsp;forma ininterrupta, seja isento de erros ou falhas ou que esteja dispon\u00edvel de&nbsp;forma cont\u00ednua.<\/p>\n<p class=\"MsoNormal\">A Gris envida os seus melhores esfor\u00e7os para que o&nbsp;<i>Site<\/i>&nbsp;n\u00e3o tenha qualquer tipo de v\u00edrus ou outros elementos do g\u00e9nero perigosos para o seu&nbsp;computador. No entanto, uma vez que a Gris n\u00e3o consegue controlar integralmente&nbsp;a circula\u00e7\u00e3o de informa\u00e7\u00e3o atrav\u00e9s da Internet, n\u00e3o consegue garantir que os&nbsp;mesmos n\u00e3o cont\u00eam qualquer tipo de v\u00edrus ou outros elementos que possam&nbsp;danificar o seu computador.<\/p>\n<p class=\"MsoNormal\">Para garantir a seguran\u00e7a do&nbsp;<i>Site<\/i>, a Gris&nbsp;poder\u00e1, a qualquer momento e sem necessidade de aviso pr\u00e9vio, tomar as&nbsp;provid\u00eancias necess\u00e1rias para garantir a integridade, seguran\u00e7a, continuidade&nbsp;ou qualidade do&nbsp;<i>Site<\/i>, incluindo restri\u00e7\u00f5es ou limita\u00e7\u00f5es de acesso.<\/p>\n<h5 class=\"MsoNormal\"><b>Validade dos Termos e Condi\u00e7\u00f5es de Utiliza\u00e7\u00e3o<\/b><\/h5>\n<p class=\"MsoNormal\">Se alguma parte ou disposi\u00e7\u00e3o dos presentes Termos de&nbsp;Utiliza\u00e7\u00e3o n\u00e3o for execut\u00e1vel ou estiver em conflito com a lei aplic\u00e1vel, a&nbsp;validade das restantes partes ou disposi\u00e7\u00f5es n\u00e3o ser\u00e1 afetada.<\/p>\n<h5 class=\"MsoNormal\"><b>Quest\u00f5es<\/b><\/h5>\n<p class=\"MsoNormal\">Se tiver alguma quest\u00e3o sobre os presentes Termos de&nbsp;Utiliza\u00e7\u00e3o, por favor envie-nos o seu pedido de esclarecimento atrav\u00e9s do&nbsp;e-mail geral@gris.pt.<\/p>\n<h5 class=\"MsoNormal\"><b>Lei aplic\u00e1vel<\/b><\/h5>\n<p class=\"MsoNormal\">\u00c0 gest\u00e3o, administra\u00e7\u00e3o, utiliza\u00e7\u00e3o e aplica\u00e7\u00e3o dos Termos&nbsp;de Utiliza\u00e7\u00e3o do&nbsp;<i>Site<\/i>&nbsp;\u00e9 aplic\u00e1vel a lei Portuguesa.<\/p>\n<p class=\"MsoNormal\"><b>Foro competente<\/b><\/p>\n<p class=\"MsoNormal\">Para dirimir todas as quest\u00f5es e lit\u00edgios que possam surgir,&nbsp;inerentes aos presentes Termos e Condi\u00e7\u00f5es, \u00e9 competente em exclusivo o foro da&nbsp;Comarca de Lisboa, com expressa ren\u00fancia a qualquer outro.<\/p>\n<p><!-- \/wp:paragraph --><\/p>\t\t\t\t\t\t<\/div>\n\t\t\t\t<\/div>\n\t\t\t\t\t<\/div>\n\t\t\t\t<\/div>\n\t\t\t\t<\/div>\n\t\t","protected":false},"excerpt":{"rendered":"<p>Aceita\u00e7\u00e3o dos Termos de Utiliza\u00e7\u00e3o O utilizador do Site&nbsp;(\u201cUtilizador\u201d)&nbsp;reconhece que ao usar este&nbsp;Site&nbsp;est\u00e1 a aceitar estes Termos de&nbsp;Utiliza\u00e7\u00e3o. Altera\u00e7\u00e3o dos Termos de Utiliza\u00e7\u00e3o A Gris reserva-se o direito de, a qualquer momento, sem necessidade de aviso pr\u00e9vio e com efeitos imediatos, alterar, adicionar,&nbsp;atualizar ou eliminar, parcial ou totalmente, os presentes Termos de&nbsp;Utiliza\u00e7\u00e3o. O Utilizador deve &hellip; <\/p>\n<p class=\"link-more\"><a href=\"https:\/\/gris.pt\/index.php\/termos-e-condicoes\/\" class=\"more-link\">Read More <span class=\"screen-reader-text\"> &#8220;Termos e Condi\u00e7\u00f5es&#8221;<\/span><\/a><\/p>\n","protected":false},"author":1,"featured_media":0,"parent":0,"menu_order":0,"comment_status":"closed","ping_status":"closed","template":"","meta":{"_monsterinsights_skip_tracking":false,"_monsterinsights_sitenote_active":false,"_monsterinsights_sitenote_note":"","_monsterinsights_sitenote_category":0,"footnotes":""},"class_list":["post-3619","page","type-page","status-publish","hentry"],"aioseo_notices":[],"_links":{"self":[{"href":"https:\/\/gris.pt\/index.php\/wp-json\/wp\/v2\/pages\/3619","targetHints":{"allow":["GET"]}}],"collection":[{"href":"https:\/\/gris.pt\/index.php\/wp-json\/wp\/v2\/pages"}],"about":[{"href":"https:\/\/gris.pt\/index.php\/wp-json\/wp\/v2\/types\/page"}],"author":[{"embeddable":true,"href":"https:\/\/gris.pt\/index.php\/wp-json\/wp\/v2\/users\/1"}],"replies":[{"embeddable":true,"href":"https:\/\/gris.pt\/index.php\/wp-json\/wp\/v2\/comments?post=3619"}],"version-history":[{"count":9,"href":"https:\/\/gris.pt\/index.php\/wp-json\/wp\/v2\/pages\/3619\/revisions"}],"predecessor-version":[{"id":3628,"href":"https:\/\/gris.pt\/index.php\/wp-json\/wp\/v2\/pages\/3619\/revisions\/3628"}],"wp:attachment":[{"href":"https:\/\/gris.pt\/index.php\/wp-json\/wp\/v2\/media?parent=3619"}],"curies":[{"name":"wp","href":"https:\/\/api.w.org\/{rel}","templated":true}]}}